{"id":99,"date":"2025-09-28T20:07:26","date_gmt":"2025-09-28T20:07:26","guid":{"rendered":"https:\/\/frio.lublin.pl\/wordpress\/?page_id=99"},"modified":"2025-09-29T06:14:19","modified_gmt":"2025-09-29T06:14:19","slug":"moc-natury-sekrety-aktywnego-i-zdrowszego-zycia","status":"publish","type":"page","link":"https:\/\/frio.lublin.pl\/wordpress\/index.php\/projekty\/moc-natury-sekrety-aktywnego-i-zdrowszego-zycia\/","title":{"rendered":"Moc natury &#8211; sekrety aktywnego i zdrowszego \u017cycia"},"content":{"rendered":"\n<p><\/p>\n\n\n\n<p>Fundacja realizuje zadanie publiczne Moc natury &#8211; sekrety aktywnego i zdrowszego \u017cycia<\/p>\n\n\n\n<p>Celem projektu jest wzrost wiedzy ekologicznej i zwi\u0119kszenie aktywno\u015bci i samoorganizacji obywatelskiej w dzia\u0142ania proekologiczne 150 os\u00f3b zamieszka\u0142ych na terenie woj. lubelskiego poprzez udzia\u0142 w warsztatach i dzia\u0142aniach proekologicznych w okresie 08.2025-12.2027 r.<\/p>\n\n\n\n<p>Projekt skierowany jest os\u00f3b doros\u0142ych, w tym os\u00f3b starszych powy\u017cej 60 roku \u017cycia oraz os\u00f3b zagro\u017conych wykluczeniem spo\u0142ecznym. Poprzez realizacje dzia\u0142a\u0144 w projekcie wspierana b\u0119dzie aktywno\u015b\u0107 spo\u0142eczna na rzecz dobra wsp\u00f3lnego realizowana przez senior\u00f3w dzia\u0142aj\u0105cych w lokalnych spo\u0142eczno\u015bciach, najcz\u0119\u015bciej w Klubach Seniora, Ko\u0142ach Gospody\u0144 Wiejskich, stowarzyszeniach i grupach parafialnych.<\/p>\n\n\n\n<p><br>Projekt zak\u0142ada realizacj\u0119 3 zada\u0144:<br>1 Warsztaty moc natury:<br>-Warsztaty tworzenia wyrob\u00f3w r\u0119kodzielniczych z wyrob\u00f3w naturalnych i recykling art.<br>-Warsztaty ekologia i oszcz\u0119dno\u015b\u0107 w domu<br>-Warsztaty sekrety aktywnego i zdrowszego \u017cycia<br>2. Pobudzenie aktywno\u015bci i inicjatyw uczestnik\u00f3w, realizowane poprzez:<br>-Prac\u0119 Animatora Lokalnego<br>-Organizacj\u0119 Spotka\u0144 Tw\u00f3rczych maj\u0105cych za zadanie inspirowanie uczestnik\u00f3w<br>-Realizacj\u0119 Zielonych Inicjatyw czyli ekologiczne pomys\u0142y, kt\u00f3re projektowa\u0107 b\u0119d\u0105 uczestnicy na podstawie zdobytej wiedzy<br>3. Dobre praktyki i integracja<br>W ramach zadania zostan\u0105 zorganizowane wizyty studyjne oraz spotkanie integruj\u0105ce.<\/p>\n\n\n\n<p><strong>Miejsce realizacji zadania<\/strong><\/p>\n\n\n\n<p>Wojew\u00f3dztwo lubelskie, na terenie:<br>Gmina Niemce, Gmina Konopnica, Gmina Stanin, Gmina Zakrz\u00f3wek, Miasto Lublin.<\/p>\n\n\n\n<p>Warto\u015b\u0107 dofinansowania: 298 250,00 z\u0142<\/p>\n\n\n\n<figure class=\"wp-block-image size-full\"><img loading=\"lazy\" decoding=\"async\" width=\"860\" height=\"307\" src=\"https:\/\/frio.lublin.pl\/wordpress\/wp-content\/uploads\/2025\/09\/Oznaczenie-NIW.png\" alt=\"\" class=\"wp-image-100\" srcset=\"https:\/\/frio.lublin.pl\/wordpress\/wp-content\/uploads\/2025\/09\/Oznaczenie-NIW.png 860w, https:\/\/frio.lublin.pl\/wordpress\/wp-content\/uploads\/2025\/09\/Oznaczenie-NIW-300x107.png 300w, https:\/\/frio.lublin.pl\/wordpress\/wp-content\/uploads\/2025\/09\/Oznaczenie-NIW-768x274.png 768w\" sizes=\"auto, (max-width: 860px) 100vw, 860px\" \/><\/figure>\n","protected":false},"excerpt":{"rendered":"<p>Fundacja realizuje zadanie publiczne Moc natury &#8211; sekrety aktywnego i zdrowszego \u017cycia Celem projektu jest wzrost wiedzy ekologicznej i zwi\u0119kszenie aktywno\u015bci i samoorganizacji obywatelskiej w dzia\u0142ania proekologiczne 150 os\u00f3b zamieszka\u0142ych na terenie woj. lubelskiego poprzez udzia\u0142 w warsztatach i dzia\u0142aniach proekologicznych w okresie 08.2025-12.2027 r. Projekt skierowany jest os\u00f3b doros\u0142ych, w tym os\u00f3b starszych powy\u017cej [&hellip;]<\/p>\n","protected":false},"author":1,"featured_media":0,"parent":71,"menu_order":0,"comment_status":"closed","ping_status":"closed","template":"","meta":{"footnotes":""},"class_list":["post-99","page","type-page","status-publish","hentry"],"_links":{"self":[{"href":"https:\/\/frio.lublin.pl\/wordpress\/index.php\/wp-json\/wp\/v2\/pages\/99","targetHints":{"allow":["GET"]}}],"collection":[{"href":"https:\/\/frio.lublin.pl\/wordpress\/index.php\/wp-json\/wp\/v2\/pages"}],"about":[{"href":"https:\/\/frio.lublin.pl\/wordpress\/index.php\/wp-json\/wp\/v2\/types\/page"}],"author":[{"embeddable":true,"href":"https:\/\/frio.lublin.pl\/wordpress\/index.php\/wp-json\/wp\/v2\/users\/1"}],"replies":[{"embeddable":true,"href":"https:\/\/frio.lublin.pl\/wordpress\/index.php\/wp-json\/wp\/v2\/comments?post=99"}],"version-history":[{"count":2,"href":"https:\/\/frio.lublin.pl\/wordpress\/index.php\/wp-json\/wp\/v2\/pages\/99\/revisions"}],"predecessor-version":[{"id":104,"href":"https:\/\/frio.lublin.pl\/wordpress\/index.php\/wp-json\/wp\/v2\/pages\/99\/revisions\/104"}],"up":[{"embeddable":true,"href":"https:\/\/frio.lublin.pl\/wordpress\/index.php\/wp-json\/wp\/v2\/pages\/71"}],"wp:attachment":[{"href":"https:\/\/frio.lublin.pl\/wordpress\/index.php\/wp-json\/wp\/v2\/media?parent=99"}],"curies":[{"name":"wp","href":"https:\/\/api.w.org\/{rel}","templated":true}]}}