{"id":78,"date":"2025-07-21T00:31:22","date_gmt":"2025-07-21T00:31:22","guid":{"rendered":"https:\/\/frio.lublin.pl\/wordpress\/?page_id=78"},"modified":"2026-03-03T14:30:03","modified_gmt":"2026-03-03T14:30:03","slug":"wsparcie-rodzin-w-gminie-zakrzowek","status":"publish","type":"page","link":"https:\/\/frio.lublin.pl\/wordpress\/index.php\/projekty-partnerskie\/wsparcie-rodzin-w-gminie-zakrzowek\/","title":{"rendered":"Wsparcie rodzin w gminie Zakrz\u00f3wek"},"content":{"rendered":"\n<figure class=\"wp-block-image size-large\"><img loading=\"lazy\" decoding=\"async\" width=\"1024\" height=\"109\" src=\"https:\/\/frio.lublin.pl\/wordpress\/wp-content\/uploads\/2025\/07\/17530535016711351190963098322853-1024x109.png\" alt=\"\" class=\"wp-image-79\" srcset=\"https:\/\/frio.lublin.pl\/wordpress\/wp-content\/uploads\/2025\/07\/17530535016711351190963098322853-1024x109.png 1024w, https:\/\/frio.lublin.pl\/wordpress\/wp-content\/uploads\/2025\/07\/17530535016711351190963098322853-300x32.png 300w, https:\/\/frio.lublin.pl\/wordpress\/wp-content\/uploads\/2025\/07\/17530535016711351190963098322853-768x82.png 768w, https:\/\/frio.lublin.pl\/wordpress\/wp-content\/uploads\/2025\/07\/17530535016711351190963098322853-1536x164.png 1536w, https:\/\/frio.lublin.pl\/wordpress\/wp-content\/uploads\/2025\/07\/17530535016711351190963098322853.png 2048w\" sizes=\"auto, (max-width: 1024px) 100vw, 1024px\" \/><\/figure>\n\n\n\n<p>Celem projektu jest wsparcie kompetencji 200 os\u00f3b (w tym 140kobiet i 60m\u0119\u017cczyzn) z rodzin wychowuj\u0105cych dzieci, w tym prze\u017cywaj\u0105cych trudno\u015bci opieku\u0144czo-wychowawcze oraz w zakresie przeciwdzia\u0142ania przemocy w rodzinie oraz realizacj\u0119 kompleksowego wsparcia ju\u017c istniej\u0105cych rodzin zast\u0119pczych lub rodzinnych dom\u00f3w dziecka poprzez specjalistyczne us\u0142ugi w okresie 01.04.2025-31.03.2027r. na terenie gminy Zakrz\u00f3wek.<\/p>\n\n\n\n<p>W ramach projektu zaplanowano rozw\u00f3j kompleksowych us\u0142ug:<\/p>\n\n\n\n<ol class=\"wp-block-list\">\n<li>Specjalistyczne poradnictwo dla rodzin<\/li>\n<\/ol>\n\n\n\n<p>\u25cfPoradnictwo psychologiczne dzieci\u0119ce <\/p>\n\n\n\n<p>\u25cfTerapia rodzinna <\/p>\n\n\n\n<p>\u25cfPoradnictwo prawne <\/p>\n\n\n\n<p>\u25cfPoradnictwo specjalisty ds. uzale\u017cnienia i wsp\u00f3\u0142uzale\u017cnienia w tym w zakresie problem\u00f3walkoholowych <\/p>\n\n\n\n<p>\u25cf Poradnictwo w zakresie przemocy domowej <\/p>\n\n\n\n<p>\u25cfPoradnictwo logopedyczne <\/p>\n\n\n\n<p>\u25cfPoradnictwo dietetyczne<\/p>\n\n\n\n<p>\u25cf Poradnictwo psychologa<\/p>\n\n\n\n<p>\u25cf Poradnictwo socjalne<\/p>\n\n\n\n<p>\u25cf Wsparcie asystenta rodziny<\/p>\n\n\n\n<p>2. Dzia\u0142ania profilaktyczne wspieraj\u0105ce rodzin\u0119<\/p>\n\n\n\n<p>\u25cf Trening z zakresu umiej\u0119tno\u015bci opieku\u0144czo-wychowawczych<\/p>\n\n\n\n<p> \u25cf Warsztat \u201eWi\u0119zi rodzinne\u201d <\/p>\n\n\n\n<p><strong>Okres realizacji projektu:<\/strong>\u00a001.04.2025 r. \u2013 31.03.2027 r.<\/p>\n\n\n\n<p><strong>Ca\u0142kowita warto\u015b\u0107 projektu:&nbsp;<\/strong>1 008 657,50 z\u0142<\/p>\n\n\n\n<p><strong>Dofinansowanie UE:&nbsp;<\/strong>957 066,52 z\u0142<\/p>\n\n\n\n<p><strong>Wk\u0142ad w\u0142asny:&nbsp;<\/strong>51 590,98 z\u0142<\/p>\n\n\n\n<p>Rezultatem dzia\u0142a\u0144 b\u0119dzie:<\/p>\n\n\n\n<p>\u25cf Us\u0142ugi specjalistyczne i interwencyjne dla rodzin wychowuj\u0105cych dzieci, w tym prze\u017cywaj\u0105cych<br>trudno\u015bci opieku\u0144czo-wychowawcze oraz w zakresie przeciwdzia\u0142ania przemocy dla 200 os\u00f3b<br>\u25cf Realizacja kompleksowego wsparcia ju\u017c istniej\u0105cych 5 rodzin zast\u0119pczych lub rodzinnych dom\u00f3w<br>dziecka<br>\u25cf Warsztaty dla rodzin wychowuj\u0105cych dzieci, w tym prze\u017cywaj\u0105cych trudno\u015bci opieku\u0144czo-<br>wychowawcze dla 90 os\u00f3b<br>\u25cf Szkolenia doskonal\u0105ce kompetencje spo\u0142eczne i rodzicielskie dla 90 os\u00f3b<\/p>\n\n\n\n<p>Realizator projektu: Gmina Zakrz\u00f3wek\/O\u015brodek Pomocy Spo\u0142ecznej w Zakrz\u00f3wku<\/p>\n\n\n\n<p>Partnerzy projektu: Fundacja Rozwoju Inicjatyw Obywatelskich<\/p>\n\n\n\n<p>#Fundusze Europejskie<\/p>\n\n\n\n<p>#Fundusze UE<\/p>\n\n\n\n<p>Projekt <strong>\u201e<\/strong>Wsparcie rodzin w gminie Zakrz\u00f3wek\u201d nr FELU.08.08-IZ.00-0042\/24<strong>&nbsp;<\/strong>realizowany jest w ramach Programu Fundusze Europejskie dla Lubelskiego 2021-2027 &#8211; Priorytetu FELU.08.00 &#8211; Dzia\u0142anie FELU.08.08 i jest wsp\u00f3\u0142finansowany ze&nbsp; \u015brodk\u00f3w Europejskiego Funduszu Spo\u0142ecznego Plus.<\/p>\n\n\n\n<figure class=\"wp-block-gallery has-nested-images columns-default is-cropped wp-block-gallery-1 is-layout-flex wp-block-gallery-is-layout-flex\">\n<figure class=\"wp-block-image size-large\"><img loading=\"lazy\" decoding=\"async\" width=\"989\" height=\"694\" data-id=\"83\" src=\"https:\/\/frio.lublin.pl\/wordpress\/wp-content\/uploads\/2025\/07\/Plakat.png\" alt=\"\" class=\"wp-image-83\" srcset=\"https:\/\/frio.lublin.pl\/wordpress\/wp-content\/uploads\/2025\/07\/Plakat.png 989w, https:\/\/frio.lublin.pl\/wordpress\/wp-content\/uploads\/2025\/07\/Plakat-300x211.png 300w, https:\/\/frio.lublin.pl\/wordpress\/wp-content\/uploads\/2025\/07\/Plakat-768x539.png 768w\" sizes=\"auto, (max-width: 989px) 100vw, 989px\" \/><\/figure>\n<\/figure>\n","protected":false},"excerpt":{"rendered":"<p>Celem projektu jest wsparcie kompetencji 200 os\u00f3b (w tym 140kobiet i 60m\u0119\u017cczyzn) z rodzin wychowuj\u0105cych dzieci, w tym prze\u017cywaj\u0105cych trudno\u015bci opieku\u0144czo-wychowawcze oraz w zakresie przeciwdzia\u0142ania przemocy w rodzinie oraz realizacj\u0119 kompleksowego wsparcia ju\u017c istniej\u0105cych rodzin zast\u0119pczych lub rodzinnych dom\u00f3w dziecka poprzez specjalistyczne us\u0142ugi w okresie 01.04.2025-31.03.2027r. na terenie gminy Zakrz\u00f3wek. W ramach projektu zaplanowano rozw\u00f3j [&hellip;]<\/p>\n","protected":false},"author":1,"featured_media":0,"parent":148,"menu_order":0,"comment_status":"closed","ping_status":"closed","template":"","meta":{"footnotes":""},"class_list":["post-78","page","type-page","status-publish","hentry"],"_links":{"self":[{"href":"https:\/\/frio.lublin.pl\/wordpress\/index.php\/wp-json\/wp\/v2\/pages\/78","targetHints":{"allow":["GET"]}}],"collection":[{"href":"https:\/\/frio.lublin.pl\/wordpress\/index.php\/wp-json\/wp\/v2\/pages"}],"about":[{"href":"https:\/\/frio.lublin.pl\/wordpress\/index.php\/wp-json\/wp\/v2\/types\/page"}],"author":[{"embeddable":true,"href":"https:\/\/frio.lublin.pl\/wordpress\/index.php\/wp-json\/wp\/v2\/users\/1"}],"replies":[{"embeddable":true,"href":"https:\/\/frio.lublin.pl\/wordpress\/index.php\/wp-json\/wp\/v2\/comments?post=78"}],"version-history":[{"count":5,"href":"https:\/\/frio.lublin.pl\/wordpress\/index.php\/wp-json\/wp\/v2\/pages\/78\/revisions"}],"predecessor-version":[{"id":152,"href":"https:\/\/frio.lublin.pl\/wordpress\/index.php\/wp-json\/wp\/v2\/pages\/78\/revisions\/152"}],"up":[{"embeddable":true,"href":"https:\/\/frio.lublin.pl\/wordpress\/index.php\/wp-json\/wp\/v2\/pages\/148"}],"wp:attachment":[{"href":"https:\/\/frio.lublin.pl\/wordpress\/index.php\/wp-json\/wp\/v2\/media?parent=78"}],"curies":[{"name":"wp","href":"https:\/\/api.w.org\/{rel}","templated":true}]}}