{"id":59,"date":"2025-06-15T22:57:05","date_gmt":"2025-06-15T22:57:05","guid":{"rendered":"https:\/\/frio.lublin.pl\/wordpress\/?page_id=59"},"modified":"2026-03-03T14:31:31","modified_gmt":"2026-03-03T14:31:31","slug":"projekt-silna-rodzina-sila-spoleczenstwa","status":"publish","type":"page","link":"https:\/\/frio.lublin.pl\/wordpress\/index.php\/projekty-partnerskie\/projekt-silna-rodzina-sila-spoleczenstwa\/","title":{"rendered":"Silna rodzina, si\u0142\u0105 spo\u0142ecze\u0144stwa"},"content":{"rendered":"\n<figure class=\"wp-block-image size-full\"><img loading=\"lazy\" decoding=\"async\" width=\"1024\" height=\"141\" src=\"https:\/\/frio.lublin.pl\/wordpress\/wp-content\/uploads\/2025\/06\/image-2.png\" alt=\"\" class=\"wp-image-60\" srcset=\"https:\/\/frio.lublin.pl\/wordpress\/wp-content\/uploads\/2025\/06\/image-2.png 1024w, https:\/\/frio.lublin.pl\/wordpress\/wp-content\/uploads\/2025\/06\/image-2-300x41.png 300w, https:\/\/frio.lublin.pl\/wordpress\/wp-content\/uploads\/2025\/06\/image-2-768x106.png 768w\" sizes=\"auto, (max-width: 1024px) 100vw, 1024px\" \/><\/figure>\n\n\n\n<p>Gmina Annopol\/ O\u015brodek Pomocy Spo\u0142ecznej \u00a0w Annopolu w partnerstwie z Fundacj\u0105 Rozwoju Inicjatyw Obywatelskich realizuje innowacyjny projekt pt.:\u00a0<em><strong>\u201eSilna rodzina, si\u0142\u0105 spo\u0142ecze\u0144stwa\u201d<\/strong><\/em>\u00a0w ramach Programu Fundusze Europejskie dla Rozwoju Spo\u0142ecznego 2021-2027, <strong>w okresie od 1 stycznia 2025r. do 30 kwietnia 2027r.<\/strong><\/p>\n\n\n\n<p>Projekt zosta\u0142 opracowany w oparciu o Model wzmacniania kapita\u0142u spo\u0142ecznego \u201eWygrana rodzina\u201d i jest dofinansowany w ca\u0142o\u015bci z Funduszy Europejskich w kwocie\u00a0<strong>2.087.244,00 z\u0142.\u00a0<\/strong><br>Model, na kt\u00f3rym oparto projekt zak\u0142ada zindywidualizowane, a zarazem wielodyscyplinarne i skoordynowane, oparte na dzia\u0142aniach \u015brodowiskowych wsparcie ca\u0142ej rodziny, a tak\u017ce jej poszczeg\u00f3lnych cz\u0142onk\u00f3w. Dzi\u0119ki temu rodzina zostanie wyposa\u017cona w narz\u0119dzia, kt\u00f3re w za\u0142o\u017ceniu maj\u0105 przyczyni\u0107 si\u0119 do zmiany \u015bwiadomo\u015bciowej, wzmocnione zostan\u0105 kompetencje spo\u0142eczne i opieku\u0144czo-wychowawcze rodzin. Zaanga\u017cowanie do dzia\u0142a\u0144 lokalnej spo\u0142eczno\u015bci powoduje, \u017ce rodzina nie jest samotna w procesie zmiany, najbli\u017csze otoczenie towarzyszy jej w d\u0105\u017ceniu do lepszego wype\u0142niania swoich funkcji i motywuje do pracy, kt\u00f3ra ma prowadzi\u0107 do poprawy jej sytuacji \u017cyciowej. W trakcie ca\u0142ej wsp\u00f3\u0142pracy z rodzinami realizowana b\u0119dzie praca \u015brodowiskowo-rodzinna.<br>Adresatami projektu jest\u00a0<strong>16 rodzin\u00a0<\/strong>dotkni\u0119tych problemem dziedziczonego ub\u00f3stwa, z obszaru gminy Annopol, kt\u00f3re prze\u017cywaj\u0105 problemy opieku\u0144czo-wychowawcze, problemy z bezrobociem, uzale\u017cnieniami, przemoc\u0105, s\u0105 pokoleniowo zagro\u017cone wykluczeniem spo\u0142ecznym. Grup\u0105 docelow\u0105 s\u0105 rodziny wraz z ich najbli\u017cszym otoczeniem (rodzinnym, s\u0105siedzkim i spo\u0142ecznym). Wszystkie te rodziny zostan\u0105 obj\u0119te wsparciem asystenta rodziny oraz pomoc\u0105 innych specjalist\u00f3w m.in.: psychologa, doradcy zawodowego, psychiatry, piel\u0119gniarki \u015brodowiskowej, mentora ds. dzieci i m\u0142odzie\u017cy, animator\u00f3w. Zapewnione w Projekcie wsparcie to bardzo szeroka oferta warsztat\u00f3w, doradztwa indywidualnego, dzia\u0142ania animacyjne, laboratoria dla dzieci i m\u0142odzie\u017cy, wydarzenia spo\u0142eczno\u015bciowe, us\u0142ugi opieku\u0144cze, opieka nad dzie\u0107mi.<br>Wsparcie kierowane jest dla rodzin wychowuj\u0105cych dzieci i m\u0142odzie\u017c uwzgl\u0119dniaj\u0105c najwa\u017cniejsze obszary: komunikacja w rodzinie, edukacja dla zdrowia psychicznego oraz planowanie przysz\u0142o\u015bci dzieci i m\u0142odzie\u017cy, doradztwo zawodowe, poczucie w\u0142asnej warto\u015bci, rozw\u00f3j talent\u00f3w dzieci i m\u0142odzie\u017cy, opieka i wychowanie i innych. Organizowane b\u0119d\u0105 r\u00f3wnie\u017c wydarzenia oddzia\u0142ywuj\u0105ce na najbli\u017csze otoczenie zamieszkania rodzin bior\u0105cych udzia\u0142 w Projekcie. Zapewnione b\u0119dzie zindywidualizowane, a zarazem kompleksowe wsparcie rodziny przy wsp\u00f3\u0142pracy podmiot\u00f3w samorz\u0105dowych i organizacji pozarz\u0105dowych w ramach tworzonego Lokalnego Systemu Wsparcia (LSW).<br>Tworzony System b\u0119dzie odpowiedzi\u0105 na brak kompleksowych dzia\u0142a\u0144 i nowatorskich rozwi\u0105za\u0144 na rzecz rodzin pokoleniowo zmagaj\u0105cych si\u0119 z problemami ub\u00f3stwa, wykluczenia spo\u0142ecznego, nieprzygotowanych do w\u0142a\u015bciwego pe\u0142nienia funkcji \u00a0opieku\u0144czo \u2013 wychowawczych. Utworzenie LSW jest niezwykle wa\u017cnym zadaniem, kt\u00f3re b\u0119dzie kontynuowane r\u00f3wnie\u017c po jego zako\u0144czeniu. Zaanga\u017cowanie, jak najwi\u0119kszej liczby podmiot\u00f3w pracuj\u0105cych na rzecz rodzin potrzebuj\u0105cych wsparcia oraz doskonalenie wsp\u00f3\u0142pracy mi\u0119dzy tymi podmiotami, zapewni wprowadzenie modelu do praktyki w lokalnym \u015brodowisku na nast\u0119pne lata.<br>Dzi\u0119ki udzia\u0142owi w Projekcie rodzina uzyska kompleksowe specjalistyczne wsparcie, wzmocni si\u0119 integracyjnie w \u015brodowisku lokalnym, a dzieci w niej wychowywane b\u0119d\u0105 mia\u0142y lepszy start w doros\u0142e \u017cycie.<br>\u00a0<\/p>\n\n\n\n<p><strong>Osoby zainteresowane udzia\u0142em w projekcie pt.: \u201eSilna rodzina, si\u0142\u0105 spo\u0142ecze\u0144stwa\u201d zapraszamy do kontaktu osobistego z pracownikami socjalnymi O\u015brodka Pomocy Spo\u0142ecznej w Annopolu z siedzib\u0105 przy ul. Le\u015bna 2, &nbsp;telefonicznego: 15\/ 8613404, 781-140-390, 513-061-323 od poniedzia\u0142ku do pi\u0105tku w godzinach od 7.30 do 15.30, lub drog\u0119 elektroniczn\u0105:<\/strong>&nbsp;<strong>sekretariat@annopolops.pl.<\/strong><\/p>\n\n\n\n<p><strong>#FunduszeUE, #FunduszeEuropejskie<\/strong><\/p>\n\n\n\n<figure class=\"wp-block-image size-full\"><img loading=\"lazy\" decoding=\"async\" width=\"768\" height=\"543\" src=\"https:\/\/frio.lublin.pl\/wordpress\/wp-content\/uploads\/2025\/06\/image-3.png\" alt=\"\" class=\"wp-image-61\" srcset=\"https:\/\/frio.lublin.pl\/wordpress\/wp-content\/uploads\/2025\/06\/image-3.png 768w, https:\/\/frio.lublin.pl\/wordpress\/wp-content\/uploads\/2025\/06\/image-3-300x212.png 300w\" sizes=\"auto, (max-width: 768px) 100vw, 768px\" \/><\/figure>\n","protected":false},"excerpt":{"rendered":"<p>Gmina Annopol\/ O\u015brodek Pomocy Spo\u0142ecznej \u00a0w Annopolu w partnerstwie z Fundacj\u0105 Rozwoju Inicjatyw Obywatelskich realizuje innowacyjny projekt pt.:\u00a0\u201eSilna rodzina, si\u0142\u0105 spo\u0142ecze\u0144stwa\u201d\u00a0w ramach Programu Fundusze Europejskie dla Rozwoju Spo\u0142ecznego 2021-2027, w okresie od 1 stycznia 2025r. do 30 kwietnia 2027r. Projekt zosta\u0142 opracowany w oparciu o Model wzmacniania kapita\u0142u spo\u0142ecznego \u201eWygrana rodzina\u201d i jest dofinansowany w [&hellip;]<\/p>\n","protected":false},"author":1,"featured_media":0,"parent":148,"menu_order":0,"comment_status":"closed","ping_status":"closed","template":"","meta":{"footnotes":""},"class_list":["post-59","page","type-page","status-publish","hentry"],"_links":{"self":[{"href":"https:\/\/frio.lublin.pl\/wordpress\/index.php\/wp-json\/wp\/v2\/pages\/59","targetHints":{"allow":["GET"]}}],"collection":[{"href":"https:\/\/frio.lublin.pl\/wordpress\/index.php\/wp-json\/wp\/v2\/pages"}],"about":[{"href":"https:\/\/frio.lublin.pl\/wordpress\/index.php\/wp-json\/wp\/v2\/types\/page"}],"author":[{"embeddable":true,"href":"https:\/\/frio.lublin.pl\/wordpress\/index.php\/wp-json\/wp\/v2\/users\/1"}],"replies":[{"embeddable":true,"href":"https:\/\/frio.lublin.pl\/wordpress\/index.php\/wp-json\/wp\/v2\/comments?post=59"}],"version-history":[{"count":2,"href":"https:\/\/frio.lublin.pl\/wordpress\/index.php\/wp-json\/wp\/v2\/pages\/59\/revisions"}],"predecessor-version":[{"id":156,"href":"https:\/\/frio.lublin.pl\/wordpress\/index.php\/wp-json\/wp\/v2\/pages\/59\/revisions\/156"}],"up":[{"embeddable":true,"href":"https:\/\/frio.lublin.pl\/wordpress\/index.php\/wp-json\/wp\/v2\/pages\/148"}],"wp:attachment":[{"href":"https:\/\/frio.lublin.pl\/wordpress\/index.php\/wp-json\/wp\/v2\/media?parent=59"}],"curies":[{"name":"wp","href":"https:\/\/api.w.org\/{rel}","templated":true}]}}