{"id":113,"date":"2025-10-17T21:11:12","date_gmt":"2025-10-17T21:11:12","guid":{"rendered":"https:\/\/frio.lublin.pl\/wordpress\/?page_id=113"},"modified":"2026-03-03T14:30:22","modified_gmt":"2026-03-03T14:30:22","slug":"projekt-specjalistyczne-wsparcie-dla-rodzin","status":"publish","type":"page","link":"https:\/\/frio.lublin.pl\/wordpress\/index.php\/projekty\/projekt-specjalistyczne-wsparcie-dla-rodzin\/","title":{"rendered":"Specjalistyczne wsparcie dla rodzin"},"content":{"rendered":"\n<p>Zapraszamy do udzia\u0142u w nowym projekcie &#8222;Specjalistyczne wsparcie dla rodzin&#8221;<\/p>\n\n\n\n<p>Celem projektu jest wsparcie kompetencji 320os\u00f3b (w tym 208 kobiet i 112 m\u0119\u017cczyzn) z rodzin wychowuj\u0105cych dzieci, w tym prze\u017cywaj\u0105cych trudno\u015bci opieku\u0144czo-wychowawcze oraz w zakresie przeciwdzia\u0142ania przemocy w rodzinie oraz realizacj\u0119 kompleksowego wsparcia ju\u017c istniej\u0105cych rodzin zast\u0119pczych lub rodzinnych dom\u00f3w dziecka poprzez specjalistyczne us\u0142ugi w okresie 01.07.2025-30.06.2027r. na terenie Gmin Wojciech\u00f3w, Na\u0142\u0119cz\u00f3w, Annopol i Go\u015bcierad\u00f3w.<\/p>\n\n\n\n<p>Cele szczeg\u00f3\u0142owe:<\/p>\n\n\n\n<p>-Wspieranie kompetencji 320 os\u00f3b z rodzin wychowuj\u0105cych dzieci, w tym prze\u017cywaj\u0105cych trudno\u015bci opieku\u0144czo-wychowawcze oraz w zakresie przeciwdzia\u0142aniu przemocy w rodzinie w okresie 07.2025-06.2027r.-Rozw\u00f3j us\u0142ug specjalistycznych i interwencyjnych dla rodzin wychowuj\u0105cych dzieci, w tym prze\u017cywaj\u0105cych trudno\u015bci opieku\u0144czo-wychowawcze oraz w zakresie przeciwdzia\u0142ania przemocy, w tym przemocy w rodzinie w okresie 07.25-06.27r.-Wspieranie kompetencji 4 rodzin zast\u0119pczych lub rodzinnych dom\u00f3w dziecka w okresie 07.25 06.27r-Zapewnienie dost\u0119pu do us\u0142ug m.in. poradnictwa psychologicznego, psychologicznego dla dzieci, prawnego, logopedycznego, dietetycznego, socjalnego, rodzinnego, terapii rodzinnej, mediacji rodzinnej, specjalisty ds. uzale\u017cnie\u0144 i wsp\u00f3\u0142uzale\u017cnie\u0144 oraz ds. przemocy 320 osobom w rodzinach w okresie 07.2025-06.2027r.<\/p>\n\n\n\n<p>Grup\u0119 docelow\u0105 projektu stanowi\u0105 320 os\u00f3b, w tym 208 kobiet, 112 m\u0119\u017cczyzn, 8 os\u00f3b z niepe\u0142nosprawno\u015bci\u0105: s\u0105 to rodziny z dzie\u0107mi w tym prze\u017cywaj\u0105ce trudno\u015bci opieku\u0144czo-wychowawcze oraz potrzebuj\u0105ce wsparcia w zakresie przeciwdzia\u0142ania przemocy w rodzinach. Projekt zak\u0142ada wsparcie skierowane do rodzic\u00f3w i opiekun\u00f3w prawnych oraz dedykowane dzieciom i m\u0142odzie\u017cy, a tak\u017ce realizacj\u0119 kompleksowego wsparcia ju\u017c istniej\u0105cych rodzin zast\u0119pczych lub rodzinnych dom\u00f3w dziecka.<\/p>\n\n\n\n<p>W ramach projektu zaplanowano rozw\u00f3j kompleksowych us\u0142ug:<\/p>\n\n\n\n<p>Specjalistyczne poradnictwo dla rodzin<\/p>\n\n\n\n<p>\u25cf Poradnictwo psychologiczne<\/p>\n\n\n\n<p>\u25cf Poradnictwo psychologiczne dzieci\u0119ce<\/p>\n\n\n\n<p>\u25cf Terapia rodzinna<\/p>\n\n\n\n<p>\u25cf Poradnictwo prawne<\/p>\n\n\n\n<p>\u25cf Poradnictwo specjalisty ds. uzale\u017cnienia i wsp\u00f3\u0142uzale\u017cnienia<\/p>\n\n\n\n<p>\u25cf Poradnictwo w zakresie przemocy domowej<\/p>\n\n\n\n<p>\u25cf Poradnictwo logopedyczne<\/p>\n\n\n\n<p>\u25cf Poradnictwo dietetyczne<\/p>\n\n\n\n<p>\u25cf Mediacje rodzinne<\/p>\n\n\n\n<p>\u25cf Poradnictwo rodzinne<\/p>\n\n\n\n<p>\u25cf Poradnictwo socjalne<\/p>\n\n\n\n<p>Instrument b\u0119dzie \u015bwiadczony dla uczestnik\u00f3w oraz otoczenia w postaci:<\/p>\n\n\n\n<p>\u2022 konsultacji stacjonarnych \u015bwiadczonych na terenie ka\u017cdej gminy<\/p>\n\n\n\n<p>\u2022 poradnictwa mobilnego \u015bwiadczonego w miejscu zamieszkania wg indywidualnych potrzeb rodzin.<\/p>\n\n\n\n<p>Dzia\u0142ania profilaktyczne wspieraj\u0105ce rodzin\u0119<\/p>\n\n\n\n<p>\u25cf Trening z zakresu umiej\u0119tno\u015bci opieku\u0144czo-wychowawczych<\/p>\n\n\n\n<p>\u25cf Warsztat kompetencji spo\u0142ecznych dla dzieci i m\u0142odzie\u017cy<\/p>\n\n\n\n<p>\u25cf Warsztat &#8222;Wi\u0119zi rodzinne&#8221; dla ca\u0142ych rodzin<\/p>\n\n\n\n<p>\u25cf Warsztat &#8222;Nastolatek &#8211; droga ku doros\u0142o\u015bci&#8221; dla rodzic\u00f3w<\/p>\n\n\n\n<p>\u25cf Warsztat z pierwszej pomocy<\/p>\n\n\n\n<p>Okres realizacji projektu: 01.07.2025-30.06.2027r<\/p>\n\n\n\n<p>Ca\u0142kowita warto\u015b\u0107 projektu: 2&nbsp;028&nbsp;456,00 PLN<\/p>\n\n\n\n<p>Dofinansowanie UE: 1&nbsp;927&nbsp;033,20 PLN<\/p>\n\n\n\n<p>Wk\u0142ad w\u0142asny: 101&nbsp;422,80 PLN<\/p>\n\n\n\n<p>Rezultatem dzia\u0142a\u0144 b\u0119dzie:<\/p>\n\n\n\n<p>\u2013 320 os\u00f3b obj\u0119tych wsparciem w projekcie<\/p>\n\n\n\n<p>\u2013 12 os\u00f3b obj\u0119tych us\u0142ugami w zakresie wspierania rodziny i pieczy zast\u0119pczej<\/p>\n\n\n\n<p>\u2013 Zapewnienie dost\u0119pu do us\u0142ug m.in. poradnictwa specjalistycznego, psychologicznego, psychologicznego dla dzieci, prawnego, terapii i socjalnego 320 osobom w rodzinach.<\/p>\n\n\n\n<p>Realizator projektu: Fundacja Rozwoju Inicjatyw Obywatelskich<\/p>\n\n\n\n<p>Partnerzy projektu:<\/p>\n\n\n\n<p>Gmina Wojciech\u00f3w \/O\u015brodek Pomocy Spo\u0142ecznej w Wojciechowie<\/p>\n\n\n\n<p>Gmina Na\u0142\u0119cz\u00f3w \/Miejski O\u015brodek Pomocy Spo\u0142ecznej w Na\u0142\u0119czowie<\/p>\n\n\n\n<p>Gmina Annopol \/O\u015brodek Pomocy Spo\u0142ecznej w Annopolu<\/p>\n\n\n\n<p>Gmina Go\u015bcierad\u00f3w \/O\u015brodek Pomocy Spo\u0142ecznej w Go\u015bcieradowie<\/p>\n\n\n\n<p>Projekt jest dofinansowany ze \u015brodk\u00f3w Europejskiego Funduszu Spo\u0142ecznego Plus w ramach programu Fundusze Europejskie dla Lubelskiego 2021-2027<\/p>\n\n\n\n<p><a href=\"https:\/\/www.facebook.com\/hashtag\/funduszeue?__eep__=6&amp;__cft__%5b0%5d=AZVToXPLSwLY9ZHE5XsN9p8bwgekQCMZenNwl6LLt-JMe_qZcWrzzKlObPkL_jpIUwmXjtJ4bvePHogHXqqyGq3hKCeYKMvBrNzgPOonyp9JNmpTCvs_lyxZMaPzcLDt_2boSzjGudlyyOjtcswzPV-cIt3jfom_Kbl8yOONmIRxJcaXujTIS12HlNcAa3xo27s&amp;__tn__=*NK-R\"><strong>#FunduszeUE<\/strong><\/a><\/p>\n\n\n\n<p><a href=\"https:\/\/www.facebook.com\/hashtag\/funduszeeuropejskie?__eep__=6&amp;__cft__%5b0%5d=AZVToXPLSwLY9ZHE5XsN9p8bwgekQCMZenNwl6LLt-JMe_qZcWrzzKlObPkL_jpIUwmXjtJ4bvePHogHXqqyGq3hKCeYKMvBrNzgPOonyp9JNmpTCvs_lyxZMaPzcLDt_2boSzjGudlyyOjtcswzPV-cIt3jfom_Kbl8yOONmIRxJcaXujTIS12HlNcAa3xo27s&amp;__tn__=*NK-R\"><strong>#FunduszeEuropejskie<\/strong><\/a><\/p>\n\n\n\n<p>Osoby zainteresowane udzia\u0142em w Projekcie zapraszamy do kontaktu Partnerami projektu.<\/p>\n\n\n\n<div class=\"wp-block-file\"><a id=\"wp-block-file--media-f9e3a1ca-456b-4057-bc73-304323a01b0c\" href=\"https:\/\/frio.lublin.pl\/wordpress\/wp-content\/uploads\/2025\/10\/Deklaracja-uczestnictwa-1.doc\">Deklaracja uczestnictwa<\/a><a href=\"https:\/\/frio.lublin.pl\/wordpress\/wp-content\/uploads\/2025\/10\/Deklaracja-uczestnictwa-1.doc\" class=\"wp-block-file__button wp-element-button\" download aria-describedby=\"wp-block-file--media-f9e3a1ca-456b-4057-bc73-304323a01b0c\">Pobierz<\/a><\/div>\n\n\n\n<div class=\"wp-block-file\"><a id=\"wp-block-file--media-389c55b0-189f-417d-9b8e-14184e38289f\" href=\"https:\/\/frio.lublin.pl\/wordpress\/wp-content\/uploads\/2025\/10\/Formularz-rekrutacyjny.doc\">Formularz-rekrutacyjny<\/a><a href=\"https:\/\/frio.lublin.pl\/wordpress\/wp-content\/uploads\/2025\/10\/Formularz-rekrutacyjny.doc\" class=\"wp-block-file__button wp-element-button\" download aria-describedby=\"wp-block-file--media-389c55b0-189f-417d-9b8e-14184e38289f\">Pobierz<\/a><\/div>\n\n\n\n<div class=\"wp-block-file\"><a id=\"wp-block-file--media-b57141bb-2772-449e-baf9-cb7792b4e590\" href=\"https:\/\/frio.lublin.pl\/wordpress\/wp-content\/uploads\/2025\/10\/Oswiadczenie-uczestnika-projektu.doc\">O\u015bwiadczenie-uczestnika-projektu<\/a><a href=\"https:\/\/frio.lublin.pl\/wordpress\/wp-content\/uploads\/2025\/10\/Oswiadczenie-uczestnika-projektu.doc\" class=\"wp-block-file__button wp-element-button\" download aria-describedby=\"wp-block-file--media-b57141bb-2772-449e-baf9-cb7792b4e590\">Pobierz<\/a><\/div>\n\n\n\n<figure class=\"wp-block-image size-full\"><img loading=\"lazy\" decoding=\"async\" width=\"756\" height=\"89\" src=\"https:\/\/frio.lublin.pl\/wordpress\/wp-content\/uploads\/2025\/10\/image.jpeg\" alt=\"\" class=\"wp-image-114\" srcset=\"https:\/\/frio.lublin.pl\/wordpress\/wp-content\/uploads\/2025\/10\/image.jpeg 756w, https:\/\/frio.lublin.pl\/wordpress\/wp-content\/uploads\/2025\/10\/image-300x35.jpeg 300w\" sizes=\"auto, (max-width: 756px) 100vw, 756px\" \/><\/figure>\n","protected":false},"excerpt":{"rendered":"<p>Zapraszamy do udzia\u0142u w nowym projekcie &#8222;Specjalistyczne wsparcie dla rodzin&#8221; Celem projektu jest wsparcie kompetencji 320os\u00f3b (w tym 208 kobiet i 112 m\u0119\u017cczyzn) z rodzin wychowuj\u0105cych dzieci, w tym prze\u017cywaj\u0105cych trudno\u015bci opieku\u0144czo-wychowawcze oraz w zakresie przeciwdzia\u0142ania przemocy w rodzinie oraz realizacj\u0119 kompleksowego wsparcia ju\u017c istniej\u0105cych rodzin zast\u0119pczych lub rodzinnych dom\u00f3w dziecka poprzez specjalistyczne us\u0142ugi w [&hellip;]<\/p>\n","protected":false},"author":1,"featured_media":0,"parent":71,"menu_order":1,"comment_status":"closed","ping_status":"closed","template":"","meta":{"footnotes":""},"class_list":["post-113","page","type-page","status-publish","hentry"],"_links":{"self":[{"href":"https:\/\/frio.lublin.pl\/wordpress\/index.php\/wp-json\/wp\/v2\/pages\/113","targetHints":{"allow":["GET"]}}],"collection":[{"href":"https:\/\/frio.lublin.pl\/wordpress\/index.php\/wp-json\/wp\/v2\/pages"}],"about":[{"href":"https:\/\/frio.lublin.pl\/wordpress\/index.php\/wp-json\/wp\/v2\/types\/page"}],"author":[{"embeddable":true,"href":"https:\/\/frio.lublin.pl\/wordpress\/index.php\/wp-json\/wp\/v2\/users\/1"}],"replies":[{"embeddable":true,"href":"https:\/\/frio.lublin.pl\/wordpress\/index.php\/wp-json\/wp\/v2\/comments?post=113"}],"version-history":[{"count":5,"href":"https:\/\/frio.lublin.pl\/wordpress\/index.php\/wp-json\/wp\/v2\/pages\/113\/revisions"}],"predecessor-version":[{"id":153,"href":"https:\/\/frio.lublin.pl\/wordpress\/index.php\/wp-json\/wp\/v2\/pages\/113\/revisions\/153"}],"up":[{"embeddable":true,"href":"https:\/\/frio.lublin.pl\/wordpress\/index.php\/wp-json\/wp\/v2\/pages\/71"}],"wp:attachment":[{"href":"https:\/\/frio.lublin.pl\/wordpress\/index.php\/wp-json\/wp\/v2\/media?parent=113"}],"curies":[{"name":"wp","href":"https:\/\/api.w.org\/{rel}","templated":true}]}}